{"id":82,"date":"2025-10-06T15:53:27","date_gmt":"2025-10-06T15:53:27","guid":{"rendered":"https:\/\/icwe2026.webengineering.org\/?page_id=82"},"modified":"2026-04-02T12:36:56","modified_gmt":"2026-04-02T12:36:56","slug":"attending-icwe","status":"publish","type":"page","link":"https:\/\/icwe2026.webengineering.org\/index.php\/attending-icwe\/","title":{"rendered":"Attending ICWE"},"content":{"rendered":"\t\t<div data-elementor-type=\"wp-page\" data-elementor-id=\"82\" class=\"elementor elementor-82\">\n\t\t\t\t<div class=\"elementor-element elementor-element-c514b11 e-flex e-con-boxed e-con e-parent\" data-id=\"c514b11\" data-element_type=\"container\">\n\t\t\t\t\t<div class=\"e-con-inner\">\n\t\t<div class=\"elementor-element elementor-element-2ce0cd4 e-con-full e-flex e-con e-child\" data-id=\"2ce0cd4\" data-element_type=\"container\">\n\t\t\t\t<div class=\"elementor-element elementor-element-06c7cb9 elementor-widget elementor-widget-heading\" data-id=\"06c7cb9\" data-element_type=\"widget\" data-widget_type=\"heading.default\">\n\t\t\t\t\t<h1 class=\"elementor-heading-title elementor-size-default\"><font face=\"-apple-system, BlinkMacSystemFont, Segoe UI, Roboto, Oxygen-Sans, Ubuntu, Cantarell, Helvetica Neue, sans-serif\"><span style=\"font-size: 36px\">Attending ICWE<\/span><\/font><\/h1>\t\t\t\t<\/div>\n\t\t\t\t<div class=\"elementor-element elementor-element-139f498 elementor-widget-divider--view-line elementor-widget elementor-widget-divider\" data-id=\"139f498\" data-element_type=\"widget\" data-widget_type=\"divider.default\">\n\t\t\t\t\t\t\t<div class=\"elementor-divider\">\n\t\t\t<span class=\"elementor-divider-separator\">\n\t\t\t\t\t\t<\/span>\n\t\t<\/div>\n\t\t\t\t\t\t<\/div>\n\t\t\t\t<\/div>\n\t\t\t\t\t<\/div>\n\t\t\t\t<\/div>\n\t\t<div class=\"elementor-element elementor-element-34e314f e-flex e-con-boxed e-con e-parent\" data-id=\"34e314f\" data-element_type=\"container\">\n\t\t\t\t\t<div class=\"e-con-inner\">\n\t\t\t\t<div class=\"elementor-element elementor-element-013ff33 elementor-widget elementor-widget-text-editor\" data-id=\"013ff33\" data-element_type=\"widget\" data-widget_type=\"text-editor.default\">\n\t\t\t\t\t\t\t\t\t<h1>Venue<\/h1><p>The conference is organised by the Universit\u00e9 Claude Bernard Lyon 1 &amp; INSA Lyon on the LyonTech-La Doua Campus in Villeurbanne.<\/p><p>The ICWE 2026 sessions will take place at the\u00a0<a href=\"https:\/\/maps.app.goo.gl\/obURgfPpea3LNCkR7\"><strong><span style=\"color: #57585a; font-family: Arial, 'Helvetica Neue', Helvetica, 'Bitstream Vera Sans', sans-serif;\">Biblioth\u00e8que de l&#8217;Universit\u00e9 Claude Bernard (BU Lyon1)<\/span><\/strong><\/a><\/p><p>The campus is located north of Villeurbanne, near the Parc de la T\u00eate d\u2019Or, and is easily reached by tram, metro, or bicycle.<\/p>\t\t\t\t\t\t\t\t<\/div>\n\t\t\t\t<div class=\"elementor-element elementor-element-68f4f2b elementor-widget elementor-widget-image\" data-id=\"68f4f2b\" data-element_type=\"widget\" data-widget_type=\"image.default\">\n\t\t\t\t\t\t\t\t\t\t\t\t\t\t\t<img fetchpriority=\"high\" decoding=\"async\" width=\"768\" height=\"520\" src=\"https:\/\/icwe2026.webengineering.org\/wp-content\/uploads\/2026\/04\/Screenshot-2026-04-02-at-14.29.19-768x520.png\" class=\"attachment-medium_large size-medium_large wp-image-722\" alt=\"\" srcset=\"https:\/\/icwe2026.webengineering.org\/wp-content\/uploads\/2026\/04\/Screenshot-2026-04-02-at-14.29.19-768x520.png 768w, https:\/\/icwe2026.webengineering.org\/wp-content\/uploads\/2026\/04\/Screenshot-2026-04-02-at-14.29.19-300x203.png 300w, https:\/\/icwe2026.webengineering.org\/wp-content\/uploads\/2026\/04\/Screenshot-2026-04-02-at-14.29.19-1024x693.png 1024w, https:\/\/icwe2026.webengineering.org\/wp-content\/uploads\/2026\/04\/Screenshot-2026-04-02-at-14.29.19.png 1278w\" sizes=\"(max-width: 768px) 100vw, 768px\" \/>\t\t\t\t\t\t\t\t\t\t\t\t\t\t\t<\/div>\n\t\t\t\t<div class=\"elementor-element elementor-element-de1e194 elementor-widget elementor-widget-text-editor\" data-id=\"de1e194\" data-element_type=\"widget\" data-widget_type=\"text-editor.default\">\n\t\t\t\t\t\t\t\t\t<h1><br \/>Getting to Lyon<\/h1><h3>By Air<\/h3><p>Lyon\u2013Saint Exup\u00e9ry Airport (LYS) offers direct flights to over 70 international destinations including Montreal, Dubai, and most major European capitals.<br \/>The Rh\u00f4nexpress tram connects the airport to Lyon Part-Dieu station in about 30 minutes.<\/p><h3>By Train<\/h3><p>Lyon\u2019s two main stations \u2014 Part-Dieu and Perrache \u2014 are connected to major French and European cities via high-speed TGV:<\/p><ul><li>Paris 1h55<\/li><li>Marseille 1h35<\/li><li>Geneva 1h50<\/li><li>Brussels 3h50<\/li><li>Milan 4h30<\/li><\/ul><p>From Part-Dieu, take tram <strong>T1<\/strong> or <strong>T4<\/strong> to reach the conference venue in \u2248 20 minutes.<\/p><h3>By Car<\/h3><p>Lyon is linked by major highways (A6, A7, A42).<\/p><p>Parking on campus is limited to staff, but the nearby Cit\u00e9 Internationale complex offers 3 underground car parks (3350 spaces).<\/p><h3>By Bike<\/h3><p>Lyon\u2019s V\u00e9lo\u2019v public bike network includes 340 stations city-wide, several near the La Doua campus.<\/p><h3>Getting Around<\/h3><p>Lyon\u2019s public transport system (TCL) includes:<\/p><ul><li>4 Metro lines (42 stations)<br \/>8 Tram lines<br \/>140 Bus routes<br \/>2 Funiculars<\/li><\/ul><p>A single ticket (\u20ac2) is valid for 1 hour across all modes. Daily and multi-trip options are also available.<\/p><h3>Visa Information<\/h3><p>France is part of the Schengen Area.<br \/>EU\/Schengen citizens can enter with national ID.<br \/>Citizens of non-Schengen countries may need a visa.<br \/>Short-term stays (\u2264 30 days) are visa-free for many countries including Australia, Canada, Japan, USA, and others.<br \/>Check: <a href=\"https:\/\/www.diplomatie.gouv.fr\/en\/coming-to-france\">https:\/\/www.diplomatie.gouv.fr\/en\/coming-to-france<\/a><\/p><h3>Accommodation<\/h3><p>Estimated June 2026 rates (based on 2025 data):<\/p><ul><li>3-star hotels: \u20ac80\u2013125 (single), \u20ac100\u2013160 (double)<\/li><li>4-star hotels: \u20ac130\u2013185 (single), \u20ac165\u2013250 (double)<\/li><\/ul><p>Lyon offers many hotels, guesthouses, and apartments near La Doua, Part-Dieu, and the Presqu\u2019\u00eele.<\/p>\t\t\t\t\t\t\t\t<\/div>\n\t\t\t\t\t<\/div>\n\t\t\t\t<\/div>\n\t\t\t\t<\/div>\n\t\t","protected":false},"excerpt":{"rendered":"<p>Attending ICWE Venue The conference is organised by the Universit\u00e9 Claude Bernard Lyon 1 &amp; INSA Lyon on the LyonTech-La Doua Campus in Villeurbanne. The ICWE 2026 sessions will take place at the\u00a0Biblioth\u00e8que de l&#8217;Universit\u00e9 Claude Bernard (BU Lyon1) The campus is located north of Villeurbanne, near the Parc de la T\u00eate d\u2019Or, and is [&hellip;]<\/p>\n","protected":false},"author":4,"featured_media":0,"parent":0,"menu_order":0,"comment_status":"closed","ping_status":"closed","template":"","meta":{"footnotes":""},"class_list":["post-82","page","type-page","status-publish","hentry"],"_links":{"self":[{"href":"https:\/\/icwe2026.webengineering.org\/index.php\/wp-json\/wp\/v2\/pages\/82","targetHints":{"allow":["GET"]}}],"collection":[{"href":"https:\/\/icwe2026.webengineering.org\/index.php\/wp-json\/wp\/v2\/pages"}],"about":[{"href":"https:\/\/icwe2026.webengineering.org\/index.php\/wp-json\/wp\/v2\/types\/page"}],"author":[{"embeddable":true,"href":"https:\/\/icwe2026.webengineering.org\/index.php\/wp-json\/wp\/v2\/users\/4"}],"replies":[{"embeddable":true,"href":"https:\/\/icwe2026.webengineering.org\/index.php\/wp-json\/wp\/v2\/comments?post=82"}],"version-history":[{"count":16,"href":"https:\/\/icwe2026.webengineering.org\/index.php\/wp-json\/wp\/v2\/pages\/82\/revisions"}],"predecessor-version":[{"id":731,"href":"https:\/\/icwe2026.webengineering.org\/index.php\/wp-json\/wp\/v2\/pages\/82\/revisions\/731"}],"wp:attachment":[{"href":"https:\/\/icwe2026.webengineering.org\/index.php\/wp-json\/wp\/v2\/media?parent=82"}],"curies":[{"name":"wp","href":"https:\/\/api.w.org\/{rel}","templated":true}]}}